 + 91 + a. Suppose 2*m = -2*m + 20, 5*m + x = c. What is the tens digit of c?
1
Suppose 3*z + 3*a - 1479 = -0*a, -a - 980 = -2*z. Suppose -r + z + 6 = 0. What is the units digit of r?
7
Let b = 18438 + 1889. What is the thousands digit of b?
0
Let m = -116 + 113. What is the units digit of 4/6*(m - -36)?
2
Let f(h) = -2 + 10*h**2 - 8*h**2 + 7 + 6*h + 0*h**2. What is the units digit of f(-7)?
1
Let n(q) = 1353*q + 1516. What is the units digit of n(11)?
9
Suppose 2*u + 4*k = 3778, 5*k - 2*k - 9438 = -5*u. Suppose 15*s + u = 18*s. What is the hundreds digit of s?
6
Let y(z) = -z**3 - 14*z**2 + 7. Let w be y(-14). Suppose -1 = -4*g + w. Suppose -x - 220 = -3*x - 2*s, 0 = -g*x + s + 217. What is the tens digit of x?
0
Let j = -9138 - -12892. What is the hundreds digit of j?
7
Let v(c) = -c**3 - 12*c**2 + 23*c + 22. Let w be 3*(-25)/(-10)*-2. Let k be v(w). Suppose 2*a = 6*a - k. What is the tens digit of a?
8
What is the hundreds digit of ((-10516)/(-10 - -21))/(6 - (-169)/(-28))?
7
Let r = 58 + -58. Suppose -c - f - 3 = -1, r = -2*c + 5*f + 31. Suppose c*t - 85 - 237 = 4*z, 3*z = -3*t + 357. What is the hundreds digit of t?
1
Suppose -5*w + 30796 = -y, w - 110826 = -17*w - 3*y. What is the units digit of w?
8
Suppose -56*x + 36*x = -140. Let m(u) = 227*u + 37. What is the units digit of m(x)?
6
Suppose 4*l = -694 - 6. Let y = l - -244. What is the units digit of y?
9
Let x = -1 - -1. Suppose 5*y - 182 + 192 = x. What is the hundreds digit of (-229)/(8/y - -2 - -1)?
2
Suppose -12439 = -6*r + 27065. What is the thousands digit of r?
6
Let f(g) = g**2 + 2*g - 6. Let i = 43 + -34. Let n be f(i). Let u = n - -121. What is the tens digit of u?
1
Suppose 2*u - 975 = -3*q + 97, -q = 2*u - 356. Let w = 549 - q. What is the tens digit of w?
9
Let a(v) be the first derivative of 21*v - 49/2*v**2 - 23. What is the hundreds digit of a(-3)?
1
Let m(h) = 334*h - 36. Let o be m(6). Suppose -i + o = 7*i. Suppose -5*q - i = -1046. What is the tens digit of q?
6
Let s = 18371 + -6750. What is the tens digit of s?
2
Let x(k) = 112*k + 2. Let m be x(-7). Let i = -415 - m. Let c = -94 + i. What is the tens digit of c?
7
Let a be 3 + (-5 - 0) - -4. Let s(z) = -3*z**2 + 11*z - 12*z**a + 5 + 15*z**2 - 9*z**2 + 2*z**3. What is the units digit of s(6)?
9
Let q = -8692 - -16394. What is the thousands digit of q?
7
Let m = -534 - 74. Let q = -273 - m. What is the units digit of q?
5
Let u = 102 + -81. Let q = u - 3. What is the units digit of q?
8
Suppose -2*z - 2*i = -8, 35 = 5*z + i + 7. Suppose -z*f + f = j - 97, 4*j = 2*f - 52. Let s(q) = -q**2 + 25*q - 15. What is the units digit of s(f)?
5
Let j be (3/(-6))/(1/(-352)). Let f = 642 - j. What is the units digit of f?
6
Let u be -6 + 0 + (3 - (0 + 2)). Let d(k) = -2*k**3 + 8*k**2 + 8*k - 1. What is the units digit of d(u)?
9
Suppose 0*q + 6 = 3*q - s, s = -2*q + 9. Suppose f = x - f + 33, 0 = x + q*f + 43. Let m = x - -93. What is the tens digit of m?
5
Let j(x) = -10*x**3 - 15*x**2 + 17*x + 11. Let f(s) = -5*s**3 - 7*s**2 + 8*s + 6. Let g(w) = -5*f(w) + 2*j(w). What is the tens digit of g(3)?
5
Suppose 2920 = 4*t - 2*r, -18*r + 21*r = 0. What is the units digit of t?
0
Suppose 16*v + 20961 = 4*f + 19*v, -4*v + 12 = 0. What is the tens digit of f?
3
What is the units digit of -1058*40*(-6)/(-48)*(-3 + 1)?
0
Let y(k) = -335*k - 7. Let h(n) = -40*n + 1. Let z(p) = -6*h(p) + y(p). Let o(s) = 2*s + 2. Let m be o(-2). What is the hundreds digit of z(m)?
1
Let t = -5524 - -10979. What is the tens digit of t?
5
Let u(x) = 7*x**2 - 144*x + 747. What is the tens digit of u(59)?
1
Let x(r) = -r**3 + 6*r**2 + 6*r + 15. Let o be x(8). Let d = o - -53. What is the tens digit of d/(-18) + (-82)/(-3)?
2
Suppose 7217 + 35 = 49*a. Let r(n) = 113*n**2 + 3*n - 4. Let q be r(3). Suppose -9*j = -a - q. What is the units digit of j?
0
Suppose -2*d + d + 370 = 5*q, 5*q - 3*d = 350. Let i(n) = 196*n - 555. Let r be i(4). Suppose l - 4*l + 5*y + r = 0, -l + y = -q. What is the tens digit of l?
6
Let s(d) = 10874*d**3 + 1. Let w be s(1). Let c be ((w/(-12))/5)/((-8)/32). Suppose 2*m + 3*v - c = -3*m, 4*v - 276 = -2*m. What is the tens digit of m?
4
Suppose 29 + 16 = s. Let r be (-4)/28 + (-306)/14. Let m = s + r. What is the tens digit of m?
2
What is the hundreds digit of 119835/(-180)*(-8)/2?
6
Suppose 5*h = 3*l + 210909, 5*l - 74394 = 4*h - 243116. What is the thousands digit of h?
2
Let f(d) = 242*d - 344. What is the hundreds digit of f(36)?
3
Let l = -2217 - -4272. Let k = l - 1328. What is the tens digit of k?
2
Suppose 23*y - 83 = 32. Suppose -2*c + 289 = 2*a - 369, -a - 1639 = -y*c. What is the units digit of c?
8
Let j = 775 - -13. Let q = j - 128. What is the tens digit of q?
6
Let x = 69250 + -48423. What is the units digit of x?
7
Suppose -5*c + 4*r + 48714 = 0, -5*c = -3*r + r - 48722. What is the thousands digit of c?
9
Let n(s) = -20*s - 9. Let b(i) = 2*i + 4. Let q be b(6). Let j = q + -21. What is the tens digit of n(j)?
9
Let o be 1/(-7) - 87*(-4)/84. Let p be -6*(75/(-2))/3. Suppose o*h = p - 7. What is the units digit of h?
7
Let d be ((4 - (-64)/(-12)) + 2)*3. Suppose -39*i - 5352 = -44*i - d*v, -v - 4279 = -4*i. What is the hundreds digit of i?
0
Let s(x) = 9 + 0 + 1 + 58*x + 2 + 30*x**2 + 1. What is the thousands digit of s(-7)?
1
Suppose 0 = -s + 7 - 42. Let h = -29 - s. What is the units digit of (h/(-18))/((-1)/837)?
9
Let d = 211 + -211. Suppose -5*t - 4*v + 747 = d, -4*t - 4*v = -116 - 484. What is the units digit of t?
7
Let s = 979 - 547. Suppose -5*j + j + s = 0. Suppose -9 = 3*f, -2*r = 6*f - 4*f - j. What is the units digit of r?
7
Suppose -p - w + 15307 = 437, 0 = -3*p + 5*w + 44626. What is the units digit of p?
2
Let f be ((-25)/(-3))/(0 - 6/(-2610)). Suppose 5*u - 4*m = f, 5*m = -2*u - 3*u + 3670. What is the hundreds digit of u?
7
Suppose 4*t + 774 = 4*y + 206, 3*y + 3*t - 396 = 0. Let o = y - -415. What is the units digit of o?
2
Suppose -1 = -6*l + 143. What is the hundreds digit of (-1662)/(-16) - (9/(-3))/l?
1
Let c = -25 + 193. Suppose -c = -7*r + 182. What is the tens digit of r?
5
Let w(n) = -n**3 + 29*n**2 + 61*n + 26. What is the units digit of w(24)?
0
Let x(u) = -7*u - 19. Let f(i) = -8*i - 18. Let q(o) = 5*f(o) - 6*x(o). Let p be q(-8). Suppose -16 = p*w - 104. What is the tens digit of w?
1
Let m = 1246 - 782. Suppose -2*j - 3*u + 878 = -54, -j + m = u. What is the tens digit of j?
6
Suppose 10*d + 2414 = 4*k + 5*d, -1220 = -2*k - 4*d. Suppose 2*g - k = -4*g. Let h = g + -30. What is the units digit of h?
1
Suppose 21*v - 26*v + 5*l + 75515 = 0, -45309 = -3*v - 5*l. What is the units digit of v?
3
Suppose n - 4*d - 23 = 0, 3*n = -n - d + 160. Let q(h) = -2*h**3 + 79*h**2 - 33*h + 24. What is the hundreds digit of q(n)?
2
Suppose 231 = -6*m + 1677. Let o = -90 + m. What is the hundreds digit of o?
1
Suppose 7*l - 10*l - 3*s + 948 = 0, 3*l = -4*s + 946. What is the units digit of l?
8
Suppose 0 = -29*a - 156 - 76. What is the units digit of (a/((-48)/(-30)) - -1) + 362?
8
Suppose -74*n - 202207 = -187853 - 1582784. What is the units digit of n?
5
Let q(c) = c**2 - 18*c + 20. Let p be q(17). Let x be (2 - (-13)/(-2))/(-2)*168. Suppose 4*i - x - 83 = p*n, -2*i - 3*n + 253 = 0. What is the units digit of i?
9
Let r = 65 + 695. Suppose -4*h + 7412 = 3*w, 2*h + w + r = 4464. What is the tens digit of h?
5
Suppose 0 = -61*l + 69*l - 16. What is the tens digit of (-2157)/(-12)*(2 - l/(-1))?
1
Suppose 173 = 2*f + 47. Suppose f = 2*v - 29. Suppose 0 = -5*q + v + 329. What is the units digit of q?
5
Suppose 0 = 2*c - 5*x - 5382, 0 = -103*c + 107*c + 5*x - 10854. What is the thousands digit of c?
2
Let t(s) = -3*s**3 - 16*s**2 - 7*s + 12. Let a(n) = -3*n**3 - 15*n**2 - 6*n + 12. Let q(z) = -6*a(z) + 5*t(z). What is the units digit of q(5)?
8
Let h be ((-12)/6)/((-4)/(-86)). Let p = 42 + h. What is the tens digit of (-60 - (3 + -3))/p?
6
Let w be 24/(-108) + (-2 - 9490/(-18)). Let u = 873 - w. What is the units digit of u?
8
Suppose -93*l + 5*r - 1014 = -94*l, -l + 2*r + 1056 = 0. What is the units digit of l?
4
Suppose -5*k = h - 8054, 12*k - 6452 = 8*k - 3*h. Let j = k + -1026. What is the units digit of j?
4
Let w be (2 - 4) + 16 - 1. Suppose w*s - 2843 = 4229. What is the tens digit of s?
4
Suppose -5